n. List the prime factors of (n + 2)*(-252)/(-16).
3, 7
Let i = 771 + -364. Suppose -5*u - 17 = -i. Suppose 5*q - 5*h - u = 157, 3*q = -2*h + 141. List the prime factors of q.
47
What are the prime factors of 7 + (-2)/4*2?
2, 3
Let t = 2986 - 1177. Suppose 8*v - t - 439 = 0. List the prime factors of v.
281
Let s = 663 + 83. What are the prime factors of s?
2, 373
Let f(j) = -13*j - 3. Let c be f(-8). Let h = c - 71. List the prime factors of h.
2, 3, 5
Let c = -402 + 534. What are the prime factors of c?
2, 3, 11
Suppose 0 = -3*b + 5*d - 4, -b + 2*d + 3*d + 12 = 0. Let v = 4 + b. Let u = v - -25. List the prime factors of u.
3, 7
Suppose -52 = -4*r + 32. Let w = r + 4. List the prime factors of (2/(-1))/((-2)/w).
5
List the prime factors of 234/(-8)*(-40)/15.
2, 3, 13
Suppose 0 = -12*t + 16*t - 12, 3*w + 2*t = 258. What are the prime factors of w?
2, 3, 7
Suppose -5*u = -i - 792, i - 56 = -5*u + 742. Suppose -z = -0*z - u. What are the prime factors of z?
3, 53
Let k(h) = -h**2 + 43*h + 4. Let j be k(43). Let p(z) be the first derivative of 10*z**2 - 10*z + 1. What are the prime factors of p(j)?
2, 5, 7
Suppose 5*h = -s + 739, -8*h = -2*s - 3*h + 1448. What are the prime factors of s?
3
Let p = 8 - -4. Suppose d + 3*d + 4*z = 16, p = d - 3*z. Suppose -2*i + d*i = 44. List the prime factors of i.
11
Suppose -582*l = -580*l - 1732. List the prime factors of l.
2, 433
Let s be ((-2)/(-2))/(-5 + 84/16). What are the prime factors of (-240)/9*s*30/(-25)?
2
Let g be 1 - (-2 + 4) - -20. Let p = 21 - g. List the prime factors of p*-1*35/(-14).
5
Let j(i) be the first derivative of i**2 - 6*i - 10. What are the prime factors of j(16)?
2, 13
List the prime factors of 104/(-16)*-22 - 4.
139
Let r = 31 - 32. List the prime factors of (2*r)/((-38)/1919).
101
Let i = 80 - -113. What are the prime factors of i?
193
Let v(t) = -t**2 + t. Let w(y) = y**3 - 20*y**2 + 18*y + 19. Let g(i) = -4*v(i) + w(i). Let x = 22 + -7. What are the prime factors of g(x)?
2
List the prime factors of 766*(1 + -2)*(-23)/46.
383
Let s(u) = -2*u**2 + 2*u + 6. Let c be s(6). Let k = 33 + c. Let y = 24 + k. What are the prime factors of y?
3
Suppose -218 = -43*i + 42*i. List the prime factors of (0 - i)*(6/4 - 2).
109
Let f(x) = -x**3 + 8*x**2 - 5*x + 4. Suppose 0 = -4*h + 6*h. Suppose -t + h + 3 = 0. What are the prime factors of f(t)?
2, 17
Suppose v - 2808 = 1062. List the prime factors of v.
2, 3, 5, 43
Let y(v) = 2*v**2 - 5. Let i be 57/(-12) + (-3)/(-4). List the prime factors of y(i).
3
Let q be ((-2)/5)/(10/(-1450)). Let d = q + 22. What are the prime factors of d?
2, 5
Let j(p) be the first derivative of p**3 - 5*p**2 + 17*p - 6. What are the prime factors of j(7)?
2, 47
Suppose 78*z + 11*z = 166519. List the prime factors of z.
1871
Let f(h) = h**2 - 3*h - 804. What are the prime factors of f(-68)?
2, 503
Let q(v) = -v**3 - 6*v**2 + 9*v - 10. Let n be q(-7). Let w = n + 2. List the prime factors of (w/77)/(1/(-77)).
2, 11
List the prime factors of (-3)/(-9)*-1 + 7718/6.
2, 643
Suppose -13*c - 11 = -76. Suppose 0 = c*n - 119 - 296. List the prime factors of n.
83
Suppose -5*t - h - h + 880 = 0, 0 = 2*t + 4*h - 352. What are the prime factors of t?
2, 11
Let i(z) be the second derivative of 7*z**4/4 + 7*z**3/6 + 7*z**2/2 - 11*z. List the prime factors of i(-3).
5, 7
Suppose -2 = -4*g + 14, -3*f + 5*g + 1543 = 0. What are the prime factors of f?
521
Suppose 6 - 16 = -2*d. Suppose 0 = d*v - 2*p - 31, 0 = 2*p - 4 - 0. Suppose -4*g - 51 = -v*g. What are the prime factors of g?
17
Suppose -4*q + c - 9 = 14, 4*q + 4*c + 28 = 0. Let i(x) = -3*x + 3. What are the prime factors of i(q)?
3, 7
Suppose 9*y - 4*y = 2*m + 651, -m = y - 133. List the prime factors of y.
131
Let l(h) = 60*h - 22. Let p = 65 + -60. What are the prime factors of l(p)?
2, 139
Suppose -2*j = -2*h - 3988, h - 19 = -15. List the prime factors of j.
2, 3, 37
Let y(h) = 2*h + 27. Let a be y(0). Suppose 2*c = 3*b + 183 - a, c = 3*b + 75. What are the prime factors of c?
3
Suppose 0 = 22*r - 16*r - 558. List the prime factors of r/(-31) + 19*7.
2, 5, 13
Suppose x - 100 = -20. Let p be (-38)/(-95) - (-4)/(-10). Suppose p = 4*z - x - 4. What are the prime factors of z?
3, 7
Suppose -2*o = -5*m - 7*o + 10485, 5*m - 4*o = 10449. What are the prime factors of m?
7, 13, 23
Let g(a) = 18*a**2 - 8*a + 8. What are the prime factors of g(5)?
2, 11, 19
Let z be -42 + (-2 - -3) - 4. Let n = z - -109. Let q = 111 - n. List the prime factors of q.
47
Let y = -23 + 39. Let k(o) = o**3 - 16*o**2 + o - 14. Let q be k(y). Suppose 3*v - 35 = -d, 50 + 0 = q*d + v. What are the prime factors of d?
23
Let b be 33/3 - (0 + 0). Let a = 24 + -24. Let s = b + a. List the prime factors of s.
11
Suppose 0 = 13*b + 2*b + 105. Suppose -4*r - r = -55. Let h = b + r. List the prime factors of h.
2
List the prime factors of ((-6)/(-3))/((-2)/(-429)).
3, 11, 13
Let m(s) = -64*s - 16 - 26*s - 11*s. What are the prime factors of m(-2)?
2, 3, 31
Suppose 70 = 5*p - 0*p. Suppose 0 = 2*j + 5*n + 37, p + 24 = -3*j - 4*n. List the prime factors of 3/j - 51/(-6).
2
Suppose 4*o - o - 4*a - 92 = 0, 0 = 4*o + 4*a - 104. Suppose -o*j - 60 = -31*j. List the prime factors of j.
2, 5
Let w(c) = 10*c**2 + 24*c + 12. List the prime factors of w(-10).
2, 193
Let q(a) = a + 6. Let l be q(0). Let i(n) = -4 + 1 - 6*n + 8*n**2 - 10 - n**3. List the prime factors of i(l).
23
Let r = 37 + -37. Suppose 2*q + 3*c - 72 = -0*q, r = -5*c + 10. List the prime factors of q.
3, 11
Suppose -8*u + 309 = -539. Suppose n - 3*t = t + 53, -u = -2*n + 2*t. List the prime factors of n.
53
Let p be -3 - -1 - (-2 - -2). List the prime factors of -28*(p/4 + 0).
2, 7
Suppose 5*g - 101 = 2*v, 2*g + 256 = -4*v + 90. Let n = v + 70. What are the prime factors of n?
3
Let a(p) = -3*p**3 + p**2. Let g be a(-3). Suppose -g = -5*s + 55. List the prime factors of s.
29
Let m = -730 - -1469. What are the prime factors of m?
739
Suppose -2*s + 7 = -0*s + 5*j, 3*s + 5*j = 18. Suppose -3*h + s = -97. Suppose 67 = 2*t + u, -h + 140 = 4*t - 4*u. What are the prime factors of t?
31
What are the prime factors of -126*((-900)/440 + (-12)/(-22))?
3, 7
Let v = -6 + 6. Suppose v = -2*q + 5 + 9. Let x = q - -25. What are the prime factors of x?
2
Suppose -7*v + 8 = -13. Let q(g) = 5*g - 4 + 0*g**2 + 3*g**2 - 4*g**2. List the prime factors of q(v).
2
Let h(b) = b + 7. Let v be h(6). Suppose 4*l = 12, -2*l - v = 5*f - 194. What are the prime factors of f?
5, 7
What are the prime factors of ((-7767)/(-3) - 1)/2?
2, 647
Let t(l) = -l**3 - 13*l**2 - 8*l - 12. Let r be t(-6). Let p = -87 - r. List the prime factors of p.
3, 43
Suppose 3*w - 4*p = -0*p + 26, 2*w + 21 = -5*p. Suppose 2*o - 494 = -4*i, -w*i + 252 = o - i. What are the prime factors of o?
257
Let a = -43 + 50. Let d(f) = -f**2 + 2*f - 9. Let x(h) = -h**2 + 3*h - 9. Let c(g) = -6*d(g) + 7*x(g). What are the prime factors of c(a)?
5
Let b(g) be the second derivative of 5*g**4/12 - 2*g**3/3 + 4*g. Let a be b(3). Suppose -5*y + 67 = -a. What are the prime factors of y?
2, 5
Let v(b) = -b**3 - 3*b**2 - 3*b - 3. Let s be v(-3). Suppose 5*w + 2*n - s*n = 28, -w + 2*n = -8. What are the prime factors of 1 + 27 + w + -5?
3
Let q(h) = h**3 - 14*h**2 + h - 14. Let u be q(14). Suppose u = -40*b + 38*b + 310. What are the prime factors of b?
5, 31
Let r(u) = -u**3 - 7*u**2 - u - 1. Let f be r(-7). What are the prime factors of ((-120)/(-1))/(f/4)?
2, 5
Suppose -17 = -5*a + 5*b - 2, 2*a = 5*b. Suppose -2*k = -3*m + a, -4*m + m + 3*k = -3. Suppose 8 = 4*w, 7*p - 2*w - 80 = m*p. List the prime factors of p.
3, 7
What are the prime factors of ((-42)/4 - -5)/(3/(-834))?
11, 139
Let g(d) = -3*d**3 + 4*d**2 + 9*d + 14. Let j(r) = -r**3 + r**2 + 3*r + 5. Let k(p) = 6*g(p) - 17*j(p). List the prime factors of k(6).
53
Suppose -10 - 32 = 6*d. Let v = 51 - d. What are the prime factors of v?
2, 29
Let s(h) = -h**3 + 14*h**2 - 12*h - 10. Let a be s(13). Let x(g) = -10*g**3 - 3 + 3*g + 2*g**3 + 7*g**a - 2 + 16*g**2. What are the prime factors of x(16)?
43
Suppose -5*d = -z - 171, d - 5*d - 4*z = -156. List the prime factors of d.
5, 7
Let k be (21/(-14))/(1/(-16)). Suppose k = -2*o + 3*n, o + 3*n = 7*n - 17. Let y(v) = -v**3 - 9*v**2 - 4*v + 3. List the prime factors of y(o).
3